create table fenykep(id int(11)  ,evszam int(11)  ,szines boolean  ,meret_x int(11)  ,meret_y int(11)  );
 
ALTER TABLE fenykep ADD PRIMARY KEY(id);
 INSERT INTO fenykep VALUES
( 1,1999,1,1200,797),
( 2,1999,0,1200,797),
( 3,1999,0,1200,797),
( 4,1999,0,1200,797),
( 5,1999,1,1200,797),
( 6,1999,0,1200,797),
( 7,1999,1,1200,797),
( 8,2000,1,1200,797),
( 9,2000,1,1200,797),
( 10,2000,0,1200,797),
( 11,2000,1,1600,1200),
( 12,2000,1,1600,1200),
( 13,2001,1,1600,1200),
( 14,2001,0,1600,1200),
( 15,2001,0,1200,1600),
( 16,2001,0,1200,1600),
( 17,2002,1,1600,1200),
( 18,2002,1,1600,1200),
( 19,2002,1,1600,1200),
( 20,2002,1,1600,1200),
( 21,2002,1,1200,1600),
( 22,2002,1,2560,1920),
( 23,2002,1,2560,1920),
( 24,2003,1,2560,1920),
( 25,2003,1,2560,1920),
( 26,2003,0,2560,1920),
( 27,2003,0,1600,1200),
( 28,2004,0,1600,1200),
( 29,2004,1,1600,1200),
( 30,2004,1,1600,1200),
( 31,2004,1,1600,1200),
( 32,2004,1,1200,1600),
( 33,2004,1,1200,1600),
( 34,2004,1,1200,1600),
( 35,2004,1,2560,1920),
( 36,2005,1,2560,1920),
( 37,2005,1,2560,1920),
( 38,2005,1,2560,1920),
( 39,2005,1,2560,1920),
( 40,2005,1,1920,2560),
( 41,2005,1,1920,2560),
( 42,2005,1,1920,2560),
( 43,2005,1,1920,2560),
( 44,2005,1,1920,2560),
( 45,2006,1,2560,1920),
( 46,2006,1,1920,2560),
( 47,2006,1,1920,2560),
( 48,2006,1,2560,1920),
( 49,2007,1,2560,1920),
( 50,2007,1,2560,1920),
( 51,2007,1,1920,2560),
( 52,2007,1,1920,2560),
( 53,2007,0,1920,2560),
( 54,2007,0,1920,2560),
( 55,2007,0,1920,2560),
( 56,2008,1,1920,2560),
( 57,2008,1,1728,2304),
( 58,2008,1,1728,2304),
( 59,2009,1,1728,2304),
( 60,2009,1,1728,2304),
( 61,2009,1,1920,2560),
( 62,2009,1,1920,2560),
( 63,2009,1,1920,2560),
( 64,2010,1,2304,1728),
( 65,2010,1,2304,1728),
( 66,2010,1,2304,1728),
( 67,2010,1,2304,1728),
( 68,2010,1,1728,2304),
( 69,2010,1,2304,1728),
( 70,2010,1,2304,1728),
( 71,2011,1,2304,1728),
( 72,2011,1,1728,2304),
( 73,2012,1,2304,1728),
( 74,2012,1,2304,1728),
( 75,2012,1,2304,1728),
( 76,2012,1,2304,1728),
( 77,2013,1,2304,1728),
( 78,2013,1,1728,2304),
( 79,2013,1,2304,1728),
( 80,2013,1,2304,1728),
( 81,2013,1,2304,1728),
( 82,2014,1,2304,1728),
( 83,2014,1,1920,2560),
( 84,2014,1,1920,2560),
( 85,2014,1,2304,1728),
( 86,2014,1,4608,3456),
( 87,2014,1,4608,3456),
( 88,2015,1,4608,3456),
( 89,2015,1,1920,2560),
( 90,2016,1,1920,2560),
( 91,2016,1,4608,3456),
( 92,2016,1,4608,3456),
( 93,2016,1,4608,3456),
( 94,2016,1,4608,3456),
( 95,2017,1,4608,3456),
( 96,2017,1,3456,4608),
( 97,2017,1,3456,4608),
( 98,2017,1,3456,4608),
( 99,2017,1,3456,4608),
( 100,2018,1,3456,4608),
( 101,2018,1,3456,4608),
( 102,2018,1,3456,4608),
( 103,2018,1,4608,3456),
( 104,2018,1,4608,3456),
( 105,2019,1,4608,3456),
( 106,2019,1,3456,4608),
( 107,2019,1,3456,4608),
( 108,2019,1,1920,2560),
( 109,2019,1,1920,2560),
( 110,2019,1,3456,4608);

create table kapcsolo(fenyid int(11)  ,szemid int(11)  ) ;

 ALTER TABLE kapcsolo ADD INDEX(fenyid);ALTER TABLE kapcsolo ADD INDEX(szemid);
ALTER TABLE kapcsolo ADD PRIMARY KEY(fenyid,szemid);
 INSERT INTO kapcsolo VALUES
( 1,7),
( 1,16),
( 2,7),
( 2,16),
( 2,2),
( 2,33),
( 3,7),
( 3,16),
( 3,2),
( 3,18),
( 4,7),
( 4,2),
( 4,18),
( 4,40),
( 4,41),
( 4,42),
( 4,43),
( 4,44),
( 5,16),
( 5,41),
( 5,42),
( 5,43),
( 5,44),
( 6,20),
( 7,7),
( 7,16),
( 7,2),
( 7,18),
( 8,7),
( 8,16),
( 8,2),
( 9,18),
( 9,6),
( 10,2),
( 10,41),
( 10,42),
( 10,43),
( 10,44),
( 10,45),
( 10,46),
( 10,47),
( 10,21),
( 11,2),
( 11,18),
( 11,6),
( 11,28),
( 11,29),
( 11,30),
( 12,2),
( 12,18),
( 13,6),
( 13,29),
( 13,30),
( 13,31),
( 14,6),
( 14,9),
( 14,20),
( 14,4),
( 15,6),
( 15,9),
( 15,20),
( 15,4),
( 15,11),
( 15,8),
( 15,29),
( 16,18),
( 16,1),
( 16,3),
( 17,18),
( 17,1),
( 17,19),
( 18,1),
( 18,18),
( 18,6),
( 19,1),
( 19,18),
( 19,6),
( 19,9),
( 20,1),
( 20,15),
( 21,1),
( 21,15),
( 21,14),
( 21,3),
( 21,16),
( 21,20),
( 21,4),
( 21,11),
( 21,8),
( 22,20),
( 22,8),
( 22,35),
( 22,36),
( 22,37),
( 22,38),
( 23,6),
( 23,9),
( 23,20),
( 23,8),
( 24,4),
( 24,11),
( 24,47),
( 25,7),
( 25,16),
( 25,6),
( 25,9),
( 25,20),
( 25,4),
( 25,11),
( 25,8),
( 26,19),
( 26,2),
( 26,17),
( 27,2),
( 27,5),
( 27,12),
( 27,10),
( 27,13),
( 27,17),
( 28,18),
( 28,1),
( 28,3),
( 28,14),
( 28,47),
( 29,1),
( 29,15),
( 30,1),
( 30,15),
( 30,14),
( 30,30),
( 30,31),
( 31,45),
( 31,46),
( 31,47),
( 31,44),
( 31,43),
( 32,8),
( 32,43),
( 33,20),
( 33,3),
( 33,13),
( 34,17),
( 34,12),
( 34,10),
( 34,13),
( 34,3),
( 34,20),
( 34,4),
( 34,11),
( 34,34),
( 35,19),
( 35,2),
( 35,18),
( 35,1),
( 35,6),
( 35,9),
( 35,7),
( 35,16),
( 36,7),
( 36,16),
( 36,11),
( 37,7),
( 37,16),
( 37,20),
( 37,8),
( 38,7),
( 38,16),
( 38,20),
( 38,4),
( 38,11),
( 39,20),
( 39,8),
( 39,38),
( 39,39),
( 39,40),
( 40,18),
( 40,1),
( 40,3),
( 40,14),
( 40,41),
( 40,42),
( 40,43),
( 41,19),
( 41,2),
( 41,17),
( 41,44),
( 41,45),
( 42,19),
( 42,2),
( 43,19),
( 43,2),
( 43,17),
( 44,19),
( 44,46),
( 44,47),
( 45,19),
( 46,2),
( 46,5),
( 46,12),
( 46,10),
( 46,13),
( 46,39),
( 47,18),
( 47,1),
( 47,3),
( 47,35),
( 47,36),
( 47,37),
( 48,18),
( 48,3),
( 48,38),
( 48,39),
( 48,40),
( 49,18),
( 49,39),
( 49,40),
( 49,41),
( 49,42),
( 49,43),
( 50,18),
( 50,1),
( 50,3),
( 51,7),
( 51,16),
( 51,12),
( 51,10),
( 51,13),
( 51,5),
( 52,15),
( 52,14),
( 52,21),
( 52,22),
( 52,23),
( 52,24),
( 53,3),
( 53,21),
( 53,22),
( 53,23),
( 54,6),
( 54,21),
( 54,22),
( 54,23),
( 55,9),
( 55,6),
( 55,20),
( 55,8),
( 55,4),
( 55,11),
( 55,24),
( 55,25),
( 56,20),
( 56,8),
( 56,4),
( 56,11),
( 57,7),
( 57,16),
( 57,19),
( 57,2),
( 57,5),
( 57,17),
( 58,2),
( 58,5),
( 59,7),
( 59,16),
( 59,26),
( 59,27),
( 59,28),
( 59,29),
( 59,30),
( 60,6),
( 60,9),
( 60,31),
( 60,32),
( 60,33),
( 61,11),
( 61,31),
( 61,33),
( 62,4),
( 62,34),
( 62,35),
( 62,36),
( 62,37),
( 63,20),
( 63,8),
( 63,38),
( 63,39),
( 64,1),
( 65,3),
( 65,22),
( 65,23),
( 65,24),
( 66,3),
( 66,25),
( 66,26),
( 66,27),
( 66,28),
( 66,29),
( 66,30),
( 66,31),
( 67,3),
( 68,7),
( 68,16),
( 68,25),
( 68,26),
( 68,27),
( 68,28),
( 68,29),
( 68,30),
( 68,31),
( 68,32),
( 68,33),
( 68,34),
( 68,35),
( 69,2),
( 69,18),
( 69,6),
( 69,33),
( 69,34),
( 69,35),
( 70,2),
( 70,18),
( 70,6),
( 70,36),
( 70,37),
( 70,38),
( 71,2),
( 71,18),
( 71,6),
( 71,39),
( 71,40),
( 71,41),
( 72,2),
( 73,2),
( 74,2),
( 74,5),
( 75,2),
( 75,5),
( 75,12),
( 75,10),
( 76,12),
( 76,10),
( 76,13),
( 76,21),
( 76,22),
( 76,23),
( 77,9),
( 77,5),
( 77,1),
( 78,9),
( 78,5),
( 78,1),
( 78,22),
( 78,23),
( 79,7),
( 79,16),
( 79,2),
( 79,5),
( 79,12),
( 79,10),
( 79,13),
( 79,18),
( 79,1),
( 79,15),
( 79,6),
( 79,9),
( 80,19),
( 80,17),
( 80,24),
( 80,25),
( 81,19),
( 81,26),
( 81,27),
( 82,19),
( 82,17),
( 82,2),
( 83,2),
( 83,18),
( 83,6),
( 83,5),
( 83,9),
( 84,1),
( 84,15),
( 84,14),
( 85,1),
( 85,15),
( 85,14),
( 85,28),
( 85,29),
( 86,1),
( 86,28),
( 86,29),
( 86,30),
( 87,1),
( 87,31),
( 87,32),
( 87,33),
( 87,34),
( 87,35),
( 88,1),
( 88,14),
( 89,7),
( 89,3),
( 89,31),
( 89,32),
( 89,33),
( 89,34),
( 89,35),
( 90,7),
( 90,3),
( 90,32),
( 90,33),
( 91,16),
( 91,3),
( 91,34),
( 92,16),
( 92,1),
( 92,3),
( 92,35),
( 92,36),
( 92,37),
( 92,38),
( 92,39),
( 92,40),
( 92,41),
( 92,42),
( 93,1),
( 93,14),
( 93,15),
( 93,47),
( 94,15),
( 94,14),
( 95,1),
( 95,14),
( 96,14),
( 97,1),
( 97,14),
( 97,15),
( 97,46),
( 97,16),
( 97,17),
( 98,1),
( 98,14),
( 98,15),
( 98,40),
( 98,41),
( 98,21),
( 98,22),
( 99,14),
( 100,7),
( 100,14),
( 100,29),
( 100,34),
( 100,35),
( 100,36),
( 101,7),
( 101,14),
( 101,35),
( 102,14),
( 102,23),
( 102,22),
( 102,25),
( 102,30),
( 103,3),
( 103,30),
( 103,31),
( 104,13),
( 104,10),
( 104,12),
( 104,23),
( 104,24),
( 104,25),
( 105,19),
( 105,2),
( 105,17),
( 106,17),
( 106,40),
( 106,41),
( 106,42),
( 106,43),
( 106,44),
( 106,45),
( 106,46),
( 106,47),
( 107,1),
( 107,15),
( 108,1),
( 108,15),
( 108,14),
( 108,20),
( 108,8),
( 108,4),
( 109,6),
( 109,9),
( 109,20),
( 109,8),
( 109,4),
( 110,11),
( 110,4),
( 110,20),
( 110,8);

create table szemely(id int(11)  ,nev varchar(100)  ,szulev int(11)  );
 
ALTER TABLE szemely ADD PRIMARY KEY(id);
 INSERT INTO szemely VALUES
( 1,"Andrea",1960),
( 2,"Anna",1955),
( 3,"Antal",1983),
( 4,"Aranka",1986),
( 5,"Attila",1955),
( 6,"Bence",1960),
( 7,"Botond",1932),
( 8,"Csenge",2004),
( 9,"Evelin",1963),
( 10,"Julianna",1976),
( 11,"Kata",1993),
( 12,"Marci",1978),
( 13,"Matyi",1981),
( 14,"Panni",1993),
( 15,"Patrik",1960),
( 16,"Rebeka",1938),
( 17,"Ricsi",1974),
( 18,"Vilmos",1955),
( 19,"Vince",1952),
( 20,"Zsombor",1999),
( 21,null,null),
( 22,null,null),
( 23,null,null),
( 24,null,null),
( 25,null,null),
( 26,null,null),
( 27,null,null),
( 28,null,null),
( 29,null,null),
( 30,null,null),
( 31,null,null),
( 32,null,null),
( 33,null,null),
( 34,null,null),
( 35,null,null),
( 36,null,null),
( 37,null,null),
( 38,null,null),
( 39,null,null),
( 40,null,null),
( 41,null,null),
( 42,null,null),
( 43,null,null),
( 44,null,null),
( 45,null,null),
( 46,null,null),
( 47,null,null);
ALTER TABLE `kapcsolo` ADD CONSTRAINT `kapcsolo_1`   FOREIGN KEY (`szemid`)     REFERENCES `szemely` (`id`);
ALTER TABLE `kapcsolo` ADD CONSTRAINT `kapcsolo_11`   FOREIGN KEY (`fenyid`)     REFERENCES `fenykep` (`id`);
